{"id":49,"date":"2012-05-02T18:47:16","date_gmt":"2012-05-02T18:47:16","guid":{"rendered":"http:\/\/www.buergerverein-luckau.de\/?page_id=49"},"modified":"2026-02-12T20:34:44","modified_gmt":"2026-02-12T20:34:44","slug":"impressum","status":"publish","type":"page","link":"https:\/\/www.buergerverein-luckau.de\/?page_id=49","title":{"rendered":"Impressum"},"content":{"rendered":"<address><em>B\u00fcrgerverein Luckau und Umgebung e. V. von 2010<br \/>\nOT Beesem Nr. 10<br \/>\n29487 Luckau (Wendland)<\/em><\/address>\n<address><em>Eingetragen beim Amtsgericht L\u00fcneburg VR 200605<\/em><\/address>\n<address>email: <a href=\"mailto:info@buergerverein-luckau.de\">info@buergerverein-luckau.de<\/a><\/address>\n<address>Gesch\u00e4ftsf\u00fchrender Vorstand<br \/>\nAndreas Sch\u00fctte<br \/>\nFrank Schulz<br \/>\nAnnette Ritter<\/address>\n<address>&nbsp;<\/address>\n<p>&nbsp;<\/p>\n<p>&nbsp;<\/p>\n<p>&nbsp;<\/p>\n","protected":false},"excerpt":{"rendered":"<p>B\u00fcrgerverein Luckau und Umgebung e. V. von 2010 OT Beesem Nr. 10 29487 Luckau (Wendland) Eingetragen beim Amtsgericht L\u00fcneburg VR 200605 email: info@buergerverein-luckau.de Gesch\u00e4ftsf\u00fchrender Vorstand Andreas Sch\u00fctte Frank Schulz Annette Ritter &nbsp; &nbsp; &nbsp; &nbsp;<\/p>\n","protected":false},"author":1,"featured_media":0,"parent":0,"menu_order":0,"comment_status":"closed","ping_status":"closed","template":"","meta":{"ngg_post_thumbnail":0},"_links":{"self":[{"href":"https:\/\/www.buergerverein-luckau.de\/index.php?rest_route=\/wp\/v2\/pages\/49"}],"collection":[{"href":"https:\/\/www.buergerverein-luckau.de\/index.php?rest_route=\/wp\/v2\/pages"}],"about":[{"href":"https:\/\/www.buergerverein-luckau.de\/index.php?rest_route=\/wp\/v2\/types\/page"}],"author":[{"embeddable":true,"href":"https:\/\/www.buergerverein-luckau.de\/index.php?rest_route=\/wp\/v2\/users\/1"}],"replies":[{"embeddable":true,"href":"https:\/\/www.buergerverein-luckau.de\/index.php?rest_route=%2Fwp%2Fv2%2Fcomments&post=49"}],"version-history":[{"count":11,"href":"https:\/\/www.buergerverein-luckau.de\/index.php?rest_route=\/wp\/v2\/pages\/49\/revisions"}],"predecessor-version":[{"id":4293,"href":"https:\/\/www.buergerverein-luckau.de\/index.php?rest_route=\/wp\/v2\/pages\/49\/revisions\/4293"}],"wp:attachment":[{"href":"https:\/\/www.buergerverein-luckau.de\/index.php?rest_route=%2Fwp%2Fv2%2Fmedia&parent=49"}],"curies":[{"name":"wp","href":"https:\/\/api.w.org\/{rel}","templated":true}]}}